True
Is 15840909499 a composite number?
False
Is 10522464061 a composite number?
False
Is 4919627329 composite?
False
Is 523746269 a composite number?
False
Is 186636781 a composite number?
False
Is 91525601 prime?
True
Is 5961173081 prime?
True
Is 6776062649 composite?
True
Is 129292634137 a prime number?
True
Is 1354695103 a prime number?
True
Is 8051648963 a prime number?
False
Is 17916337061 prime?
False
Is 2324434641 composite?
True
Is 178058269 prime?
False
Is 1929109961 prime?
False
Is 2750332161 a composite number?
True
Is 3418168883 a prime number?
True
Is 324204077 prime?
True
Is 4953049 a prime number?
True
Is 28959340427 a composite number?
False
Is 15579185887 composite?
False
Is 137579688119 a prime number?
False
Is 23969192083 composite?
False
Is 1022644787 prime?
False
Is 153550751 a composite number?
True
Is 305984443 a composite number?
True
Is 36454989343 a composite number?
True
Is 196622851 composite?
False
Is 85904959271 a composite number?
False
Is 299063027 composite?
True
Is 113297651627 a prime number?
False
Is 1628543045 a prime number?
False
Is 268997219 composite?
False
Is 254983297 a composite number?
False
Is 3360824759 a prime number?
True
Is 1157881841 prime?
True
Is 13822939217 a composite number?
True
Is 16899096077 composite?
False
Is 132849697 a composite number?
False
Is 42216230941 a composite number?
True
Is 175374252358 composite?
True
Is 460124969 a composite number?
False
Is 7394186399 a prime number?
True
Is 123555420647 a prime number?
True
Is 318547727 a composite number?
True
Is 2904601097 a composite number?
False
Is 2922487531 a prime number?
False
Is 980421733 a prime number?
True
Is 14804429891 a composite number?
True
Is 236124835 a prime number?
False
Is 60944854 composite?
True
Is 45638583271 prime?
True
Is 420281 composite?
True
Is 27316428449 composite?
False
Is 43996891927 a composite number?
False
Is 25247840657 a composite number?
True
Is 4955991797 a prime number?
False
Is 13205045573 a composite number?
True
Is 13522510361 a composite number?
True
Is 1198606303 a prime number?
True
Is 833793859 a composite number?
False
Is 576800239 composite?
False
Is 16866821687 composite?
False
Is 14091594833 a composite number?
True
Is 2868670799 a prime number?
True
Is 1501193921 composite?
True
Is 26939436809 prime?
True
Is 214292715005 a composite number?
True
Is 98115446677 a composite number?
False
Is 5652445751 prime?
True
Is 161668907 a composite number?
False
Is 1462387061 a prime number?
True
Is 3864471673 a composite number?
False
Is 2561502389 prime?
False
Is 120849342953 composite?
True
Is 44829736099 composite?
False
Is 371143667 composite?
False
Is 9960945419 composite?
True
Is 314231651 composite?
False
Is 1504580963 prime?
True
Is 18782391793 prime?
False
Is 749676001 a prime number?
True
Is 45754757669 a composite number?
False
Is 142295616635 a prime number?
False
Is 764841161 composite?
True
Is 633715669 composite?
True
Is 3308444285 prime?
False
Is 27225830167 composite?
True
Is 12960501919 prime?
False
Is 5193290177 a prime number?
False
Is 381400423 a prime number?
False
Is 1225858817 a prime number?
False
Is 727160557 composite?
True
Is 256066499 prime?
False
Is 484492381 composite?
True
Is 50606140913 prime?
False
Is 1079666213 prime?
True
Is 856148729 prime?
False
Is 6033102289 a composite number?
True
Is 133536381859 prime?
True
Is 2332633157 composite?
False
Is 595551731 composite?
False
Is 326281481555 a prime number?
False
Is 897343697 a prime number?
False
Is 31057097723 composite?
False
Is 3624727021 composite?
True
Is 32513821 a composite number?
False
Is 12629986871 a composite number?
False
Is 2508471851 prime?
True
Is 9927138061 prime?
True
Is 120129179 prime?
False
Is 40258411474 a composite number?
True
Is 408675779 composite?
False
Is 18052024135 a composite number?
True
Is 26979302849 a composite number?
False
Is 6814445873 composite?
False
Is 24004951 a composite number?
False
Is 6510739399 a prime number?
False
Is 53329853 a prime number?
False
Is 6522699289 a composite number?
False
Is 12170720477 composite?
False
Is 5139385099 a composite number?
True
Is 8474803223 prime?
False
Is 33893912783 a composite number?
True
Is 781553497 prime?
True
Is 578747831 composite?
True
Is 28142579 a composite number?
False
Is 280550039579 prime?
True
Is 29283977365 a prime number?
False
Is 9528876913 prime?
True
Is 283648637 a prime number?
False
Is 25637939107 a composite number?
True
Is 21702254143 prime?
True
Is 4457226647 prime?
True
Is 4020583351 prime?
False
Is 3163629851 prime?
False
Is 1766116357 composite?
False
Is 906113807 a prime number?
True
Is 15894701 a prime number?
True
Is 29552092723 a composite number?
True
Is 892999337 composite?
True
Is 12972793481 composite?
True
Is 1852421097 prime?
False
Is 92633179801 composite?
True
Is 36939950953 a composite number?
True
Is 38447740937 composite?
False
Is 12233990039 a composite number?
False
Is 1811634989 a composite number?
True
Is 62087717 a prime number?
True
Is 592001089 prime?
True
Is 249141509 prime?
False
Is 15827678155 prime?
False
Is 17674681081 a composite number?
True
Is 108749268871 a composite number?
False
Is 31982233 composite?
True
Is 1888925771 a prime number?
True
Is 13000695491 a composite number?
True
Is 5769346769 composite?
True
Is 2040458713 a composite number?
True
Is 286832089 a composite number?
False
Is 5808928717 a composite number?
True
Is 21794267185 a prime number?
False
Is 54227159369 a composite number?
False
Is 490392883 composite?
True
Is 4321778473 composite?
True
Is 7679863987 a prime number?
True
Is 72946322377 a composite number?
False
Is 581665739 prime?
True
Is 22680147167 a prime number?
False
Is 305252911 a composite number?
False
Is 11490783637 a composite number?
False
Is 710010173 prime?
True
Is 21616166239 composite?
True
Is 184688893 composite?
False
Is 1039259567 a composite number?
True
Is 28472789 a prime number?
False
Is 4307191861 a composite number?
True
Is 540220999 prime?
True
Is 2332201229 composite?
True
Is 54707987347 prime?
False
Is 37533990959 composite?
True
Is 331255949 prime?
True
Is 105358219 a prime number?
True
Is 22284472267 prime?
True
Is 585726469 a prime number?
False
Is 11728088279 a composite number?
False
Is 838336529 a composite number?
False
Is 886307693 composite?
False
Is 22287203539 composite?
False
Is 103725524401 prime?
True
Is 2415473927 a composite number?
False
Is 2117706067 a composite number?
False
Is 9034678547 a prime number?
False
Is 133464715847 a prime number?
True
Is 56565494081 prime?
False
Is 1707500929 a composite number?
True
Is 289319789 composite?
True
Is 13305289 composite?
True
Is 857568631 prime?
True
Is 3742962149 a composite number?
True
Is 22617946303 composite?
True
Is 147524223323 a prime number?
False
Is 7103873813 prime?
True
Is 56470317 prime?
False
Is 754686173 a composite number?
False
Is 34166391157 composite?
True
Is 375137909 prime?
True
Is 50412570913 prime?
False
Is 19225841803 a prime number?
False
Is 7053376079 a composite number?
False
Is 627116389 a prime number?
True
Is 42636815149 a prime number?
False
Is 4609786679 a prime number?
True
Is 10843005073 a prime number?
False
Is 19337517181 composite?
False
Is 36492695797 prime?
False
Is 65248110959 a prime number?
True
Is 17459006833 composite?
False
Is 75456943 a composite number?
True
Is 10464623681 a composite number?
True
Is 49889606959 a prime number?
False
Is 3914571209 composite?
False
Is 7635152437 composite?
True
Is 15881277173 a prime number?
True
Is 9279150871 prime?
False
Is 275925409 a prime number?
True
Is 32535079 composite?
False
Is 14450352167 composite?
False
Is 1572710701 a composite number?
True
Is 97363979 composite?
True
Is 608326949 composite?
False
Is 1432198463 composite?
True
Is 35859958307 a prime number?
False
Is 794174071 prime?
True
Is 18583776611 composite?
False
Is 1288002187 prime?
True
Is 2222901497 composite?
False
Is 467700163 prime?
False
Is 71516519 prime?
True
Is 14221451527 prime?
True
Is 1475499709 a prime number?
True
Is 441397997 a prime number?
False
Is 6052694887 a composite number?
True
Is 195595651 a composite number?
True
Is 764666755 a prime number?
False
Is 14491964983 a composite number